-844?
-845
In base 15, what is 2a - -99e8?
9a23
In base 10, what is -16 - -12222?
12206
In base 7, what is 10261 + 5?
10266
In base 8, what is 1 + 152766?
152767
In base 2, what is -110000100001001 + 10100010?
-110000001100111
In base 4, what is 10 + -3213301?
-3213231
In base 10, what is -177437 + 5?
-177432
In base 6, what is 5 + 45422452?
45422501
In base 11, what is 22 - 77?
-55
In base 6, what is 30 - 155551?
-155521
In base 13, what is 43 + a7?
11a
In base 2, what is 0 - -100111110101011110?
100111110101011110
In base 10, what is -1752 - -1050?
-702
In base 7, what is 4115 + 366?
4514
In base 12, what is b2b - -115?
1044
In base 10, what is 152 + -1748?
-1596
In base 9, what is 1536 - -15?
1552
In base 4, what is -121 + -1010120?
-1010301
In base 13, what is 7b9 - 38?
781
In base 14, what is 3d60 + 5b?
3dbb
In base 11, what is -28a782 + -4?
-28a786
In base 13, what is 268 + -684?
-419
In base 4, what is 110 + 222?
332
In base 11, what is 1199 + -541?
758
In base 14, what is -3 - -1489?
1486
In base 15, what is -b80 + 1d?
-b62
In base 5, what is 4 - 223001013?
-223001004
In base 15, what is -2b - -6dc2?
6d96
In base 15, what is -12 - 290?
-2a2
In base 4, what is -213 - -1133130?
1132311
In base 4, what is 10203003122 + -2?
10203003120
In base 6, what is -22253451 - -1?
-22253450
In base 13, what is -52 - -3b0?
35b
In base 8, what is 100 + -10663?
-10563
In base 12, what is -179 + 48?
-131
In base 9, what is 5 + -442150?
-442144
In base 13, what is -50 + 140?
c0
In base 8, what is 15361043 - -3?
15361046
In base 5, what is 34021 + -23?
33443
In base 13, what is -12a - 9b?
-1c8
In base 16, what is -704 - -bd?
-647
In base 13, what is -b4107 - -6?
-b4101
In base 10, what is 104 - -206?
310
In base 2, what is -11111011000110110101 + -10?
-11111011000110110111
In base 14, what is 146 + 1602?
1748
In base 10, what is -5069 + -3?
-5072
In base 8, what is 210 - -154?
364
In base 4, what is -102012303 + -11?
-102012320
In base 10, what is 85 - -212?
297
In base 15, what is 3809 - -6?
3810
In base 11, what is -2681 - -3?
-2679
In base 10, what is -7 + -292271?
-292278
In base 15, what is 5ca - -353?
92d
In base 6, what is 2 - 35214?
-35212
In base 7, what is 4 - -1042?
1046
In base 8, what is 47403 - 12?
47371
In base 5, what is 3 + -112410?
-112402
In base 11, what is 1234 - -12?
1246
In base 14, what is 121672 - -4?
121676
In base 3, what is 1002002 - -10?
1002012
In base 6, what is -202 - 5240?
-5442
In base 12, what is -8ab78 - -4?
-8ab74
In base 10, what is 7656 - -54?
7710
In base 10, what is 192887 + -4?
192883
In base 13, what is -a6 - 1ba?
-293
In base 9, what is -22508 + -13?
-22522
In base 2, what is 11011110 + -10011?
11001011
In base 14, what is 2 - 585c0?
-585bc
In base 14, what is -3cc - -1390?
da2
In base 10, what is 2132 + 27?
2159
In base 12, what is -6 - 738?
-742
In base 3, what is -102022 - -102?
-101220
In base 3, what is 11 - 112110221?
-112110210
In base 11, what is 38 - 949?
-911
In base 6, what is 31253 + -34?
31215
In base 11, what is 246a - -147?
2606
In base 6, what is -21453 - 101?
-21554
In base 9, what is 5 - -8805?
8811
In base 8, what is 37073733 - -1?
37073734
In base 6, what is 3014 - -254?
3312
In base 11, what is 1a - -a13?
a32
In base 5, what is 0 - 1132021?
-1132021
In base 6, what is -1400053 + 1?
-1400052
In base 3, what is 1 - 201011102?
-201011101
In base 15, what is ea2d4 + 1?
ea2d5
In base 13, what is 3 + 22680?
22683
In base 13, what is 6452 + 8?
645a
In base 2, what is -100011010100011 + 1?
-100011010100010
In base 16, what is -2 + -3929?
-392b
In base 12, what is 361b1 + 4?
361b5
In base 7, what is -316036 - 1?
-316040
In base 2, what is -111100101001010 - -10?
-111100101001000
In base 5, what is 10 + 10233444?
10234004
In base 13, what is 3b0a - 11?
3ac9
In base 4, what is -223001 + -3?
-223010
In base 14, what is -1 - 5600d?
-56010
In base 11, what is 3a - -2024?
2063
In base 11, what is -1 + 222177?
222176
In base 15, what is -2156d - -1?
-2156c
In base 2, what is -1001100010110110111 - 101?
-1001100010110111100
In base 6, what is -5 + 134205?
134200
In base 4, what is 10220 - -2102132?
2113012
In base 14, what is b2b - d?
b1c
In base 10, what is 3019643 - 4?
3019639
In base 12, what is -14170 + 2?
-1416a
In base 8, what is -23 - 5737?
-5762
In base 11, what is 11082 + -26?
11057
In base 9, what is 10 - -11167?
11177
In base 14, what is -35 + -8ddd?
-9034
In base 16, what is -ecdf - -a?
-ecd5
In base 2, what is -10010011 - 100110001101?
-101000100000
In base 9, what is 1 - -65667?
65668
In base 8, what is -3 - 1510076?
-1510101
In base 4, what is 10210201131 + 1?
10210201132
In base 16, what is 4 + 3b0e?
3b12
In base 14, what is -58 + 10c53?
10bd9
In base 11, what is -10 + -4896?
-48a6
In base 5, what is -1 + 244403401?
244403400
In base 5, what is -4 + -3441233?
-3441242
In base 16, what is -6 + 1bb9?
1bb3
In base 8, what is 433 - 234?
177
In base 15, what is 348 - de?
259
In base 14, what is -bd - 122?
-201
In base 13, what is -3 - 5354?
-5357
In base 6, what is 3444151 - 11?
3444140
In base 2, what is -1100 + 11011111?
11010011
In base 14, what is 26d8 - -13?
270b
In base 11, what is 3 - 122344?
-122341
In base 2, what is -101010 - -10100001?
1110111
In base 11, what is 6a13 + 3?
6a16
In base 10, what is 12774 + -9?
12765
In base 6, what is -3 - -10330531?
10330524
In base 10, what is 1732273 - 2?
1732271
In base 9, what is 1238 + -604?
534
In base 3, what is -22000202110 + 0?
-22000202110
In base 13, what is 3 + 880?
883
In base 15, what is 152a + -8?
1522
In base 5, what is 2 - -142310233?
142310240
In base 3, what is -12 - 1002001221?
-1002002010
In base 2, what is -101110010001110 + 1000?
-101110010000110
In base 12, what is -16b + b4?
-77
In base 4, what is -123 - -32030?
31301
In base 5, what is 2 + 4024121?
4024123
In base 3, what is -1 - -20110202?
20110201
In base 6, what is 204335 - 23?
204312
In base 13, what is -267b4 - 8?
-267bc
In base 4, what is -330300 + -20131?
-1011031
In base 2, what is -100000010010010100010 - -10?
-100000010010010100000
In base 10, what is 246 + 506?
752
In base 15, what is 198027 - 5?
198022
In base 12, what is 137796 - 15?
137781
In base 9, what is 4 - 63474?
-63470
In base 10, what is 462 - 1042?
-580
In base 14, what is 288cca + 3?
288ccd
In base 8, what is 103267 + 10?
103277
In base 8, what is 7144 + -135?
7007
In base 7, what is -336 + 63?
-243
In base 9, what is -153 - 10507?
-10661
In base 9, what is 16712 - -18?
16731
In base 3, what is -2 + 100102121020?
100102121011
In base 9, what is -24421 - 1?
-24422
In base 7, what is 462516 + 3?
462522
In base 9, what is -575050 + 4?
-575045
In base 8, what is 1100 + -510?
370
In base 3, what is -112212 + 1000111?
110122
In base 16, what is -75 + -86?
-fb
In base 7, what is -5001635 + 0?
-5001635
In base 10, what is -199226 - -15?
-199211
In base 9, what is 45817 - -14?
45832
In base 6, what is -424202 - -11?
-424151
In base 4, what is 101001021 - 133?
101000222
In base 10, what is -1 - -9722?
9721
In base 9, what is 27885 - 5?
27880
In base 5, what is -4013223 - 11?
-4013234
In base 16, what is c49 - -2d?
c76
In base 6, what is 13 - 32411?
-32354
In base 13, what is c2 - 219?
-127
In base 4, what is 213 - -131213?
132032
In base 5, what is 14031323 + 0?
14031323
In base 9, what is 546441 + -1?
546440
In base 4, what is 1202120110 + 1?
1202120111
In base 8, what is 5 - -3173344?
3173351
In base 3, what is -10121 - -1000200212?
1000120021
In base 3, what is -1012021 - -1012?
-1011002
In base 9, what is -68726 + -12?
-68738
In base 9, what is 21484 - 21?
21463
In base 5, what is -344401 - -10?
-344341
In base 2, what is 1001111100001 + 10011011?
1010001111100
In base 8, what is -4 - 377316?
-377322
In base 12, what is 1574 + 93?
1647
In base 13, what is -11b86 - c4?
-11c7a
In base 3, what is 200010000021 - 0?
200010000021
In base 15, what is -1 - 16907?
-16908
In base 6, what is 4 - 1043215?
-1043211
In base 4, what is 13231 - -13303?
33200
In base 15, what is -1092 - 644?
-16d6
In base 11, what is -1 - 13a835?
-13a836
In base 3, what is 100 + 110002220221?
110002221021
In base 8, what is -2 - -251?
247
In base 16, what is e8de + -4?
e8da
In base 3, what is 11 + 201101?
201112
In base 2, what is -1100010